8. Suppose 3 = -w + 2*w. Suppose -w*x = -2*x. Give r(x).
-8
Let h(n) = n**3 + 3*n**2 - 5*n - 1. Let w be -7 + 0 + 1 + 2. Let u be h(w). Let a(y) = y + 1. Determine a(u).
4
Let h(f) = -7*f - 6. Let p(z) = -3 - 4 + 5 - z + 1. Let m(s) = -h(s) + 6*p(s). What is m(-1)?
-1
Let m be (-1 - 0)*(-7 - -2). Suppose 0 = 4*z - 110 + 10. Suppose 2*i - 2*d + 2 = 5*i, m*d = -z. Let h(r) = -r**2 + r + 5. What is h(i)?
-7
Suppose -13 = -5*i + 47. Suppose 4*a + 8 = -i. Let l(p) = -p - 2. What is l(a)?
3
Let g(y) be the second derivative of -y**5/60 + 7*y**4/24 - 5*y**3/6 - 3*y**2/2 - 3*y. Let q(d) be the first derivative of g(d). Calculate q(4).
7
Let t(c) = -c - 5. Let m(y) = -y + 10. Suppose -2*v = -8, 2 + 1 = -z + 2*v. Let u be m(z). What is t(u)?
-10
Let y be (-5 + 3)*(2 + -4). Let i(x) = 4 + 5 + 2*x + y - 7. What is i(-5)?
-4
Let r(v) = -4 + 0 - 3 - v + 0*v. Give r(0).
-7
Let n(m) = 3 + 1 + m**2 + 0*m - 6*m. Let l(h) = h**3 - 12*h**2 + 11*h + 6. Let b be l(11). Give n(b).
4
Let m(j) be the first derivative of 3*j + 5/2*j**2 - 5. Determine m(-2).
-7
Suppose 4*p - 1 - 23 = -4*u, 0 = -4*u - 3*p + 23. Let s = 4 + -2. Let x(d) = -3*d**3 + 2*d**2 + 2*d**3 - 4*d - 5 + 4*d**s. Give x(u).
0
Let w(r) be the first derivative of r**3/3 + 7*r**2/2 + 4*r + 1. Suppose 5*s + 14 + 11 = 0. Give w(s).
-6
Suppose 3*y - 9 = 0, 4*y - 20 = -3*q - 2. Suppose -2 = -q*x + 4. Let g(s) be the first derivative of s**2/2 - 3*s + 2. Give g(x).
0
Let d = 9 + -12. Let h(y) = -y**3 - 2*y - 5*y**2 + y**3 - y**3. Determine h(d).
-12
Let y be (-16)/(-3) - 1/3. Suppose -5*f - 6 = -16. Let n(r) = 2 + 0 + f + 0*r - r. Determine n(y).
-1
Suppose -2*l = d - 5, 4*d - 4*l + 8 = -5*l. Let z(w) = -w**3 - 2*w**2 + 3*w + 2. Calculate z(d).
2
Let q(s) = s - 1. Let o be q(-3). Let h(m) be the first derivative of -m**4/4 - 4*m**3/3 - m**2 - 6*m - 1. Give h(o).
2
Let t(d) = d**2 + 2*d + 3. Let n be t(-2). Let s = -5 + 8. Suppose -4*u + s*h = 28, 3*h - 29 = n*u - 5. Let x(w) = 2*w + 3. Calculate x(u).
-5
Suppose -k - 2 = 0, -4*d + 5*k + 14 = -2*d. Let j(g) be the third derivative of 1/12*g**5 - g**d + g**3 + 0 + 1/6*g**4 + 0*g + 1/120*g**6. Calculate j(-4).
6
Let p(w) = -3*w**3 - w**2 + w + 5. Let c be 10 + (-4 - -3) + 2. Let u(l) = 27 + 3*l + 3*l - 2 - 5*l**2 - 16*l**3. Let i(b) = c*p(b) - 2*u(b). Give i(0).
5
Let o(y) = y**3 + 0 + 4*y**2 - 4*y + 3*y + 1. Let v(m) = m. Let w be v(7). Let r(a) = a - 11. Let c be r(w). Calculate o(c).
5
Let m(z) = z**2 + 5*z + 1. Let l(y) = -1. Let g(i) = -i + 8. Let c be g(7). Let w(k) = c*m(k) - 3*l(k). Give w(-3).
-2
Suppose 0 + 1 = q. Let h = q - -1. Let w be (-7)/h - 1/2. Let c(v) = v**3 + 5*v**2 + 5*v + 1. Calculate c(w).
-3
Let a be (-1)/((1 - -2) + -4). Let l(d) = -d - a + 0*d - 2*d + 4*d. Give l(0).
-1
Let d(p) = p**2. Let s be 1/(-2 - (-1 + 0)). Let w(l) = -3*l**2 + 6*l + 2. Let q(y) = s*w(y) - 4*d(y). Give q(-4).
6
Let s(b) = b**2 - 6*b - 3. Let v be s(8). Let q = v - 5. Suppose 0 = 3*f + f - q. Let g(c) = -c**3 + c**2 + c + 2. What is g(f)?
0
Let w = -173/4 - -1039/24. Let r(c) be the third derivative of 0*c - 2*c**2 - w*c**4 + 1/6*c**3 + 0 - 1/60*c**5. What is r(-2)?
-1
Suppose 1 + 11 = 2*w. Let u be w + (-4)/(3 + 1). Let k(t) = -t**2 + 7*t - 7. Determine k(u).
3
Let q(i) = i**2 - 3*i + 1. Suppose -7 = -5*f + 4*d, -3*f - 3*d + 3 = -12. Let a be q(f). Let g(o) = 2*o + 1 + o - 3*o + 4*o. What is g(a)?
5
Let f = 12 + -11. Let a(x) = 8*x + 1. Calculate a(f).
9
Let a be (0 + 1)/((-1)/11). Let r(s) = -5*s - 5. Suppose -13 = -2*g + 5*x, 0*g - 7 = 2*g - x. Let n(c) = 9*c + 9. Let o(w) = a*r(w) + g*n(w). What is o(0)?
1
Let s(j) = -j**2 - 4*j - 7. Let q(d) = 2*d**2 + d - 1. Let u be q(1). Suppose -2*g + o - 6 = u, 2*g - 3*o = -4. Determine s(g).
-12
Let k(i) = -4*i + 2. Let n = -2 + 7. Let x = n + -3. Give k(x).
-6
Let n(k) = -k + 1. Let z(s) = -3*s - 1. Let c(j) = 4*n(j) - z(j). Let t(x) = 1. Let g(b) = c(b) - 3*t(b). Suppose -5*v + 3*i = 8 - 31, 0 = 2*i + 2. Give g(v).
-2
Let r(t) = -t**2 + 3*t + 1. Let n = -11 + 11. Let j be 1 - (n - (0 + 3)). Determine r(j).
-3
Let m(q) be the first derivative of -q**4/8 - 2*q**3/3 + q**2 + 4. Let h(j) be the second derivative of m(j). What is h(-3)?
5
Let r be -6*(6/(-4) - -1). Let a = -3 + r. Let b(n) = 3*n**2 + 2*n + 1 - 3*n - 12*n**2 + 8*n**2. What is b(a)?
1
Let b(x) = -8*x + 7. Let k(s) = -21*s + 11. Let h(d) = -7*d + 4. Let t(y) = -7*h(y) + 2*k(y). Let o(z) = 2*b(z) + 3*t(z). Determine o(4).
16
Let k(v) = -v**3 - 4*v**2 + 6*v + 2. Let w(b) = b**3 - 5*b**2 + 7*b + 2 - 2*b**3 + 0*b**3. Let f(s) = -5*k(s) + 4*w(s). What is f(-2)?
-6
Let m(f) = f**2 + 5*f - 1. Suppose 2*o = 4*o - 12. Let s = o - 10. Give m(s).
-5
Let k(n) = 3*n**2 + 6*n + 2. Let i(h) = -h**2 - 2*h - 1. Let s(b) = 8*i(b) + 3*k(b). Let y(z) = -z + 7. Let r be y(9). Determine s(r).
-2
Let p be (-4 - -6) + 1 + -3. Let i(y) = p - 3 - 4*y + 6. Let a(m) = m**2 + 6*m + 2. Let w be a(-6). Determine i(w).
-5
Suppose -1 = -v - 4. Let l(f) = 2*f**2 + 2*f - 1. Calculate l(v).
11
Let o(z) be the third derivative of z**5/60 - z**4/12 + z**3/2 + z**2. Suppose -4 + 50 = 23*y. Determine o(y).
3
Let z(t) = 2*t + 5. Suppose i + 48 = 4*i. Suppose -4*j = f - 28, -4*f + 2*f = 3*j - i. Suppose -b + 5*a = -16, 5*b + 4 = 2*a - j. Calculate z(b).
-3
Let z(c) be the second derivative of c**3/6 - c**2/2 + 8*c. Let i = 12 + -8. Calculate z(i).
3
Let x(o) = 4*o + 2 - 6 - 14*o + 9*o. Let m(w) = w + 2. Let i(l) = -l**3 - 2*l**2 + 2*l - 1. Let g be i(-3). Let c be m(g). Determine x(c).
-8
Let j(k) = -k**2 - 8*k - 1. Let c be j(-7). Let f(i) = c*i + 0*i + 2*i - 5*i. Suppose -25 = 5*d, 0 = h - 0*d - 4*d - 21. Give f(h).
3
Let v(l) = -8 - l**3 - 11*l**2 + 6*l**2 + 2 - 2*l. Determine v(-5).
4
Let p be -1*10*2/4. Let z(v) = -v**2 + 1. Let f(b) = 3*b**2 - 6*b - 5. Let w(u) = f(u) + 4*z(u). What is w(p)?
4
Let p(z) be the second derivative of -z**5/40 + z**3/6 + 2*z. Let k(v) be the second derivative of p(v). What is k(1)?
-3
Let x(c) = c + 6. Let l(s) = -s**3 + 2*s**2 - 4*s + 2. Let z be l(2). Let v = z + 6. Determine x(v).
6
Let x(k) be the second derivative of k**3/3 - 3*k**2/2 - 2*k. Let p be x(3). Let z = 0 + p. Let y(g) = g**2 - 5*g + 2. What is y(z)?
-4
Suppose -4*m = -6*m - 24. Let r = 18 + m. Let l(g) = -g**3 + 7*g**2 - 7*g + 6. Calculate l(r).
0
Let h(m) = m - 1. Let x(w) = -2*w + 2. Let a(z) = h(z) + x(z). Calculate a(5).
-4
Suppose -r + 12 = -3*d - 2*r, 0 = -5*d - 4*r - 20. Let m(a) = a**3 + 6*a**2 + 5*a - 1. Calculate m(d).
11
Suppose 4 = -7*w + 3*w. Let n = 0 + w. Let t = -2 - n. Let a(y) = -5*y - 1. What is a(t)?
4
Let y(r) = 7*r**2 + 2*r + 1. Let j = -4 - -3. Determine y(j).
6
Let c(v) be the second derivative of -v**5/20 + v**4/4 - v**3/6 + 2*v**2 + 7*v. What is c(3)?
1
Let x(f) be the second derivative of f**3/6 - 7*f**2/2 - 26*f. What is x(3)?
-4
Let m(s) = 2*s**2 + 1 - 2*s**2 - 2*s**2 + 4*s**2 - 2*s. Calculate m(2).
5
Let l be 2/(-3) - (-48)/18. Let p be (-10 + (l - -2))/2. Let s(m) = -m**2 + 2*m + 3. What is s(p)?
-12
Let i(v) = 3*v**2 + 0 - 4 - 2*v - v**2 + 5*v. Let b be ((-4)/10)/(3/(-15)). Suppose -3*l = 11 - b. Calculate i(l).
5
Let n be ((-2)/(-8))/((-6)/(-24)). Suppose 7 = 5*r - 8. Let d(v) = v - 1 + 0*v - r*v. Calculate d(n).
-3
Let v(k) = -k - 8. Let c(n) = n**3 - 15*n**2 - 2*n + 30. Let m be c(15). Calculate v(m).
-8
Let u be (-1 + -5)*(3 - 2). Let t(l) = l**3 + 6*l**2 + 2. Let m be t(u). Let k(i) be the first derivative of i**4/4 - i**3/3 + i**2 - 2*i - 4. Determine k(m).
6
Suppose 0 = -0*c - 2*c + 10. Let n = c + -5. Suppose -4*k + 4 = 3*r, n = k + 2*k + 2*r - 2. Let m(b) = b + 2. Calculate m(k).
0
Let z(r) = 7*r + 3. Let x = -20 - -30. Let o = 8 - x. Determine z(o).
-11
Let s(v) = -v**2 + 6*v + 3. Let c be s(6). Suppose -9 + 3 = -c*r. Let h(m) = m**3 - 4*m**2 + 4*m - 3. Calculate h(r).
-3
Let g(u) be the first derivative of 0*u + 6 - 1/3*u**3 + 1/2*u**4 + 0*u**2. Let l = -2 - -1. What is g(l)?
-3
Let d(n) = -n**3 + 8*n**2 + 10*n - 9. Let o be d(9). Let h be o/(5 + -2)*1. Let p(g) = h + 5 - 3*g - 6. Determine p(2).
-7
Let o(a) = 18 - 32 + 4*a + a**2 + 4*a + 17. What is o(-8)?
3
Let b(j) = 2*j + 2*j**2 + 6*j**3 + 2*j - 2*j + 1. Let x = 1 - 3. Let r = x - -1. Calculate b(r).
-5
Let i be -2 + 3 - (-4)/4. Let y(h) = 12*h + 1. Let g(c) = 3*c. Let q(m) = 9*g(m) - 2*y(m). What